{"id":1361,"date":"2023-11-27T15:00:05","date_gmt":"2023-11-27T15:00:05","guid":{"rendered":"https:\/\/www.moesphones.de\/?page_id=1361"},"modified":"2023-11-28T09:48:52","modified_gmt":"2023-11-28T09:48:52","slug":"chiptuning-und-optimierung","status":"publish","type":"page","link":"https:\/\/www.moesphones.de\/startseite\/chiptuning-und-optimierung\/","title":{"rendered":"Chiptuning und Optimierung"},"content":{"rendered":"\t\t<div data-elementor-type=\"wp-page\" data-elementor-id=\"1361\" class=\"elementor elementor-1361\" data-elementor-settings=\"[]\">\n\t\t\t\t\t\t\t<div class=\"elementor-section-wrap\">\n\t\t\t\t\t\t\t<section data-particle_enable=\"false\" data-particle-mobile-disabled=\"false\" class=\"elementor-section elementor-top-section elementor-element elementor-element-ddbe92e elementor-section-height-min-height elementor-section-boxed elementor-section-height-default elementor-section-items-middle\" data-id=\"ddbe92e\" data-element_type=\"section\" data-settings=\"{&quot;background_background&quot;:&quot;classic&quot;}\">\n\t\t\t\t\t\t<div class=\"elementor-container elementor-column-gap-default\">\n\t\t\t\t\t<div class=\"elementor-column elementor-col-100 elementor-top-column elementor-element elementor-element-3ac5953\" data-id=\"3ac5953\" data-element_type=\"column\">\n\t\t\t<div class=\"elementor-widget-wrap elementor-element-populated\">\n\t\t\t\t\t\t\t\t<div class=\"elementor-element elementor-element-e9ba741 elementor-view-default elementor-invisible elementor-widget elementor-widget-icon\" data-id=\"e9ba741\" data-element_type=\"widget\" data-settings=\"{&quot;_animation&quot;:&quot;fadeInDown&quot;}\" data-widget_type=\"icon.default\">\n\t\t\t\t<div class=\"elementor-widget-container\">\n\t\t\t\t\t<div class=\"elementor-icon-wrapper\">\n\t\t\t<div class=\"elementor-icon\">\n\t\t\t<i aria-hidden=\"true\" class=\"fas fa-microchip\"><\/i>\t\t\t<\/div>\n\t\t<\/div>\n\t\t\t\t<\/div>\n\t\t\t\t<\/div>\n\t\t\t\t<div class=\"elementor-element elementor-element-a5b15ee elementor-invisible elementor-widget elementor-widget-heading\" data-id=\"a5b15ee\" data-element_type=\"widget\" data-settings=\"{&quot;_animation&quot;:&quot;fadeInUp&quot;}\" data-widget_type=\"heading.default\">\n\t\t\t\t<div class=\"elementor-widget-container\">\n\t\t\t<h1 class=\"elementor-heading-title elementor-size-default\">Chiptuning und Optmierung<\/h1>\t\t<\/div>\n\t\t\t\t<\/div>\n\t\t\t\t\t<\/div>\n\t\t<\/div>\n\t\t\t\t\t\t\t<\/div>\n\t\t<\/section>\n\t\t\t\t<section data-particle_enable=\"false\" data-particle-mobile-disabled=\"false\" class=\"elementor-section elementor-top-section elementor-element elementor-element-f703db8 elementor-section-full_width elementor-section-height-default elementor-section-height-default\" data-id=\"f703db8\" data-element_type=\"section\" data-settings=\"{&quot;background_background&quot;:&quot;classic&quot;}\">\n\t\t\t\t\t\t\t<div class=\"elementor-background-overlay\"><\/div>\n\t\t\t\t\t\t\t<div class=\"elementor-container elementor-column-gap-default\">\n\t\t\t\t\t<div class=\"elementor-column elementor-col-100 elementor-top-column elementor-element elementor-element-e784eaf\" data-id=\"e784eaf\" data-element_type=\"column\">\n\t\t\t<div class=\"elementor-widget-wrap elementor-element-populated\">\n\t\t\t\t\t\t\t\t<div class=\"elementor-element elementor-element-b30f387 elementor-widget elementor-widget-html\" data-id=\"b30f387\" data-element_type=\"widget\" data-widget_type=\"html.default\">\n\t\t\t\t<div class=\"elementor-widget-container\">\n\t\t\t<iframe loading=\"lazy\" src=\"https:\/\/anfrage.tuning-datenbank.de\/iframe\/mkm\" width=\"900\" height=\"800\" allow=\"fullscreen\"><\/iframe>\t\t<\/div>\n\t\t\t\t<\/div>\n\t\t\t\t\t<\/div>\n\t\t<\/div>\n\t\t\t\t\t\t\t<\/div>\n\t\t<\/section>\n\t\t\t\t<section data-particle_enable=\"false\" data-particle-mobile-disabled=\"false\" class=\"elementor-section elementor-top-section elementor-element elementor-element-146c691 elementor-section-boxed elementor-section-height-default elementor-section-height-default\" data-id=\"146c691\" data-element_type=\"section\" data-settings=\"{&quot;background_background&quot;:&quot;gradient&quot;}\">\n\t\t\t\t\t\t<div class=\"elementor-container elementor-column-gap-default\">\n\t\t\t\t\t<div class=\"elementor-column elementor-col-100 elementor-top-column elementor-element elementor-element-221cd07\" data-id=\"221cd07\" data-element_type=\"column\">\n\t\t\t<div class=\"elementor-widget-wrap elementor-element-populated\">\n\t\t\t\t\t\t\t\t<div class=\"elementor-element elementor-element-9c340d5 elementor-invisible elementor-widget elementor-widget-heading\" data-id=\"9c340d5\" data-element_type=\"widget\" data-settings=\"{&quot;_animation&quot;:&quot;fadeInDown&quot;,&quot;_animation_delay&quot;:0}\" data-widget_type=\"heading.default\">\n\t\t\t\t<div class=\"elementor-widget-container\">\n\t\t\t<h2 class=\"elementor-heading-title elementor-size-default\">CHIPTUNING - STAGES<\/h2>\t\t<\/div>\n\t\t\t\t<\/div>\n\t\t\t\t<div class=\"elementor-element elementor-element-627285b elementor-widget elementor-widget-text-editor\" data-id=\"627285b\" data-element_type=\"widget\" data-widget_type=\"text-editor.default\">\n\t\t\t\t<div class=\"elementor-widget-container\">\n\t\t\t\t\t\t\t\t<p>Jedes Fahrzeug ist individuell, somit wird f\u00fcr jedes Fahrzeug eine eigene Software geschrieben und auf das jeweilige Kraftfahrzeug abgestimmt.<\/p>\n<p>Du ben\u00f6tigst einen genauen Preis f\u00fcr dein Fahrzeug? Melde dich gerne mit deinen Fahrzeugdaten per WhatsApp und wir erstellen dir ein Festpreisangebot<\/p>\t\t\t\t\t\t<\/div>\n\t\t\t\t<\/div>\n\t\t\t\t<section data-particle_enable=\"false\" data-particle-mobile-disabled=\"false\" class=\"elementor-section elementor-inner-section elementor-element elementor-element-e343fa3 elementor-section-boxed elementor-section-height-default elementor-section-height-default\" data-id=\"e343fa3\" data-element_type=\"section\">\n\t\t\t\t\t\t<div class=\"elementor-container elementor-column-gap-default\">\n\t\t\t\t\t<div class=\"elementor-column elementor-col-33 elementor-inner-column elementor-element elementor-element-cceb429 elementor-invisible\" data-id=\"cceb429\" data-element_type=\"column\" data-settings=\"{&quot;background_background&quot;:&quot;classic&quot;,&quot;animation&quot;:&quot;fadeInLeft&quot;,&quot;animation_delay&quot;:200}\">\n\t\t\t<div class=\"elementor-widget-wrap elementor-element-populated\">\n\t\t\t\t\t\t\t\t<div class=\"elementor-element elementor-element-5542a6f elementor-widget elementor-widget-text-editor\" data-id=\"5542a6f\" data-element_type=\"widget\" data-widget_type=\"text-editor.default\">\n\t\t\t\t<div class=\"elementor-widget-container\">\n\t\t\t\t\t\t\t\t\t\t\t\t\t\t<\/div>\n\t\t\t\t<\/div>\n\t\t\t\t<div class=\"elementor-element elementor-element-58a5238 elementor-widget elementor-widget-heading\" data-id=\"58a5238\" data-element_type=\"widget\" data-widget_type=\"heading.default\">\n\t\t\t\t<div class=\"elementor-widget-container\">\n\t\t\t<h2 class=\"elementor-heading-title elementor-size-default\">STAGE 1<\/h2>\t\t<\/div>\n\t\t\t\t<\/div>\n\t\t\t\t<div class=\"elementor-element elementor-element-f71901f elementor-widget elementor-widget-text-editor\" data-id=\"f71901f\" data-element_type=\"widget\" data-widget_type=\"text-editor.default\">\n\t\t\t\t<div class=\"elementor-widget-container\">\n\t\t\t\t\t\t\t\t<p>AB: 299,00 ,- \u20ac<\/p>\t\t\t\t\t\t<\/div>\n\t\t\t\t<\/div>\n\t\t\t\t<div class=\"elementor-element elementor-element-5cee39e elementor-widget elementor-widget-text-editor\" data-id=\"5cee39e\" data-element_type=\"widget\" data-widget_type=\"text-editor.default\">\n\t\t\t\t<div class=\"elementor-widget-container\">\n\t\t\t\t\t\t\t\t<div class=\"elementor-widget-container\"><p>Wir holen das Beste aus deinem Fahrzeug heraus, was Leistung und Verbrauch zu bieten haben.<\/p><\/div><p>Dies ist das sauberste Tuning f\u00fcr dein Fahrzeug, da der Motor nur kaum bis minimal mehr beansprucht wird.<\/p>\t\t\t\t\t\t<\/div>\n\t\t\t\t<\/div>\n\t\t\t\t<div class=\"elementor-element elementor-element-3a589b2 elementor-widget elementor-widget-button\" data-id=\"3a589b2\" data-element_type=\"widget\" data-settings=\"{&quot;_animation&quot;:&quot;none&quot;,&quot;_animation_delay&quot;:200}\" data-widget_type=\"button.default\">\n\t\t\t\t<div class=\"elementor-widget-container\">\n\t\t\t\t\t<div class=\"elementor-button-wrapper\">\n\t\t\t<a href=\"tel:01602244001\u200b\" class=\"elementor-button-link elementor-button elementor-size-sm elementor-animation-wobble-vertical\" role=\"button\">\n\t\t\t\t\t\t<span class=\"elementor-button-content-wrapper\">\n\t\t\t\t\t\t<span class=\"elementor-button-text\">KONTAKT AUFNEHMEN<\/span>\n\t\t<\/span>\n\t\t\t\t\t<\/a>\n\t\t<\/div>\n\t\t\t\t<\/div>\n\t\t\t\t<\/div>\n\t\t\t\t\t<\/div>\n\t\t<\/div>\n\t\t\t\t<div class=\"elementor-column elementor-col-33 elementor-inner-column elementor-element elementor-element-4f395c5 elementor-invisible\" data-id=\"4f395c5\" data-element_type=\"column\" data-settings=\"{&quot;background_background&quot;:&quot;classic&quot;,&quot;animation&quot;:&quot;fadeInLeft&quot;,&quot;animation_delay&quot;:100}\">\n\t\t\t<div class=\"elementor-widget-wrap elementor-element-populated\">\n\t\t\t\t\t\t\t\t<div class=\"elementor-element elementor-element-b829d99 elementor-widget elementor-widget-text-editor\" data-id=\"b829d99\" data-element_type=\"widget\" data-widget_type=\"text-editor.default\">\n\t\t\t\t<div class=\"elementor-widget-container\">\n\t\t\t\t\t\t\t\t\t\t\t\t\t\t<\/div>\n\t\t\t\t<\/div>\n\t\t\t\t<div class=\"elementor-element elementor-element-637bb72 elementor-widget elementor-widget-heading\" data-id=\"637bb72\" data-element_type=\"widget\" data-widget_type=\"heading.default\">\n\t\t\t\t<div class=\"elementor-widget-container\">\n\t\t\t<h2 class=\"elementor-heading-title elementor-size-default\">STAGE 2<\/h2>\t\t<\/div>\n\t\t\t\t<\/div>\n\t\t\t\t<div class=\"elementor-element elementor-element-dc43180 elementor-widget elementor-widget-text-editor\" data-id=\"dc43180\" data-element_type=\"widget\" data-widget_type=\"text-editor.default\">\n\t\t\t\t<div class=\"elementor-widget-container\">\n\t\t\t\t\t\t\t\t<p>AB: 399,00 ,- \u20ac<\/p>\t\t\t\t\t\t<\/div>\n\t\t\t\t<\/div>\n\t\t\t\t<div class=\"elementor-element elementor-element-efdba2a elementor-widget elementor-widget-text-editor\" data-id=\"efdba2a\" data-element_type=\"widget\" data-widget_type=\"text-editor.default\">\n\t\t\t\t<div class=\"elementor-widget-container\">\n\t\t\t\t\t\t\t\t<p>F\u00fcr besonders<strong>\u00a0Leistungshungrige<\/strong> bieten wir f\u00fcr manche Fahrzeuge und Motoren eine gr\u00f6\u00dfere Leistungssteigerung an.<\/p><p>Bitte beachte, dass ab Stage 2 weitere Umbauten n\u00f6tig sein k\u00f6nnten, wir bieten dir nat\u00fcrlich in Kooperation mit unseren Partnerwerkst\u00e4tten alles aus einer Hand.<\/p><p>\u00a0<\/p>\t\t\t\t\t\t<\/div>\n\t\t\t\t<\/div>\n\t\t\t\t<div class=\"elementor-element elementor-element-2d2f483 elementor-widget elementor-widget-button\" data-id=\"2d2f483\" data-element_type=\"widget\" data-settings=\"{&quot;_animation&quot;:&quot;none&quot;,&quot;_animation_delay&quot;:200}\" data-widget_type=\"button.default\">\n\t\t\t\t<div class=\"elementor-widget-container\">\n\t\t\t\t\t<div class=\"elementor-button-wrapper\">\n\t\t\t<a href=\"tel:01602244001\u200b\" class=\"elementor-button-link elementor-button elementor-size-sm elementor-animation-wobble-vertical\" role=\"button\">\n\t\t\t\t\t\t<span class=\"elementor-button-content-wrapper\">\n\t\t\t\t\t\t<span class=\"elementor-button-text\">KONTAKT AUFNEHMEN<\/span>\n\t\t<\/span>\n\t\t\t\t\t<\/a>\n\t\t<\/div>\n\t\t\t\t<\/div>\n\t\t\t\t<\/div>\n\t\t\t\t\t<\/div>\n\t\t<\/div>\n\t\t\t\t<div class=\"elementor-column elementor-col-33 elementor-inner-column elementor-element elementor-element-a7a060c elementor-invisible\" data-id=\"a7a060c\" data-element_type=\"column\" data-settings=\"{&quot;background_background&quot;:&quot;classic&quot;,&quot;animation&quot;:&quot;fadeInLeft&quot;}\">\n\t\t\t<div class=\"elementor-widget-wrap elementor-element-populated\">\n\t\t\t\t\t\t\t\t<div class=\"elementor-element elementor-element-58e247a elementor-widget elementor-widget-text-editor\" data-id=\"58e247a\" data-element_type=\"widget\" data-widget_type=\"text-editor.default\">\n\t\t\t\t<div class=\"elementor-widget-container\">\n\t\t\t\t\t\t\t\t\t\t\t\t\t\t<\/div>\n\t\t\t\t<\/div>\n\t\t\t\t<div class=\"elementor-element elementor-element-4875a76 elementor-widget elementor-widget-heading\" data-id=\"4875a76\" data-element_type=\"widget\" data-widget_type=\"heading.default\">\n\t\t\t\t<div class=\"elementor-widget-container\">\n\t\t\t<h2 class=\"elementor-heading-title elementor-size-default\">ECO-Tuning<\/h2>\t\t<\/div>\n\t\t\t\t<\/div>\n\t\t\t\t<div class=\"elementor-element elementor-element-816b2d2 elementor-widget elementor-widget-text-editor\" data-id=\"816b2d2\" data-element_type=\"widget\" data-widget_type=\"text-editor.default\">\n\t\t\t\t<div class=\"elementor-widget-container\">\n\t\t\t\t\t\t\t\t<p>AB: 349,00 ,- \u20ac<\/p>\t\t\t\t\t\t<\/div>\n\t\t\t\t<\/div>\n\t\t\t\t<div class=\"elementor-element elementor-element-6f42d78 elementor-widget elementor-widget-text-editor\" data-id=\"6f42d78\" data-element_type=\"widget\" data-widget_type=\"text-editor.default\">\n\t\t\t\t<div class=\"elementor-widget-container\">\n\t\t\t\t\t\t\t\t<p>Wir optimieren die Software deines Motors soweit, dass bis zu 20% weniger Verbrauch bei gleicher Fahrweise m\u00f6glich ist!<\/p>\n<p>Sprich uns hierf\u00fcr bitte individuell mit deinen Fahrzeugdaten an, um Erfahrungswerte zu bekommen.<\/p>\t\t\t\t\t\t<\/div>\n\t\t\t\t<\/div>\n\t\t\t\t<div class=\"elementor-element elementor-element-5fe2d52 elementor-widget elementor-widget-button\" data-id=\"5fe2d52\" data-element_type=\"widget\" data-settings=\"{&quot;_animation&quot;:&quot;none&quot;,&quot;_animation_delay&quot;:200}\" data-widget_type=\"button.default\">\n\t\t\t\t<div class=\"elementor-widget-container\">\n\t\t\t\t\t<div class=\"elementor-button-wrapper\">\n\t\t\t<a href=\"tel:01602244001\u200b\" class=\"elementor-button-link elementor-button elementor-size-sm elementor-animation-wobble-vertical\" role=\"button\">\n\t\t\t\t\t\t<span class=\"elementor-button-content-wrapper\">\n\t\t\t\t\t\t<span class=\"elementor-button-text\">KONTAKT AUFNEHMEN<\/span>\n\t\t<\/span>\n\t\t\t\t\t<\/a>\n\t\t<\/div>\n\t\t\t\t<\/div>\n\t\t\t\t<\/div>\n\t\t\t\t\t<\/div>\n\t\t<\/div>\n\t\t\t\t\t\t\t<\/div>\n\t\t<\/section>\n\t\t\t\t\t<\/div>\n\t\t<\/div>\n\t\t\t\t\t\t\t<\/div>\n\t\t<\/section>\n\t\t\t\t\t\t<\/div>\n\t\t\t\t\t<\/div>\n\t\t","protected":false},"excerpt":{"rendered":"<p>Chiptuning und Optmierung CHIPTUNING &#8211; STAGES Jedes Fahrzeug ist individuell, somit wird f\u00fcr jedes Fahrzeug eine eigene Software geschrieben und auf das jeweilige Kraftfahrzeug abgestimmt. Du ben\u00f6tigst einen genauen Preis f\u00fcr dein Fahrzeug? Melde dich gerne mit deinen Fahrzeugdaten per WhatsApp und wir erstellen dir ein Festpreisangebot STAGE 1 AB: 299,00 ,- \u20ac Wir holen [&hellip;]<\/p>\n","protected":false},"author":2,"featured_media":0,"parent":0,"menu_order":0,"comment_status":"closed","ping_status":"closed","template":"elementor_header_footer","meta":{"footnotes":""},"class_list":["post-1361","page","type-page","status-publish","hentry"],"yoast_head":"<!-- This site is optimized with the Yoast SEO Premium plugin v16.6 (Yoast SEO v16.8) - https:\/\/yoast.com\/wordpress\/plugins\/seo\/ -->\n<title>Chiptuning und Optimierung - MK Mobile GmbH<\/title>\n<meta name=\"description\" content=\"Reparatur Profis mit 24h Service, Business Betreuung &amp; Online-Shop. Olching, Gilching, Eichenau, Germering, M\u00fcnchen, Pasing, Puchheim, Gr\u00f6benzell, Emmering.\" \/>\n<meta name=\"robots\" content=\"index, follow, max-snippet:-1, max-image-preview:large, max-video-preview:-1\" \/>\n<link rel=\"canonical\" href=\"https:\/\/www.moesphones.de\/startseite\/chiptuning-und-optimierung\/\" \/>\n<meta property=\"og:locale\" content=\"de_DE\" \/>\n<meta property=\"og:type\" content=\"article\" \/>\n<meta property=\"og:title\" content=\"Chiptuning und Optimierung\" \/>\n<meta property=\"og:description\" content=\"Reparatur Profis mit 24h Service, Business Betreuung &amp; Online-Shop. Olching, Gilching, Eichenau, Germering, M\u00fcnchen, Pasing, Puchheim, Gr\u00f6benzell, Emmering.\" \/>\n<meta property=\"og:url\" content=\"https:\/\/www.moesphones.de\/startseite\/chiptuning-und-optimierung\/\" \/>\n<meta property=\"og:site_name\" content=\"MK Mobile GmbH\" \/>\n<meta property=\"article:modified_time\" content=\"2023-11-28T09:48:52+00:00\" \/>\n<meta property=\"og:image\" content=\"https:\/\/www.moesphones.de\/wp-content\/uploads\/2021\/07\/smartmockups_krp75qt4.jpg\" \/>\n\t<meta property=\"og:image:width\" content=\"1280\" \/>\n\t<meta property=\"og:image:height\" content=\"768\" \/>\n<meta name=\"twitter:card\" content=\"summary_large_image\" \/>\n<meta name=\"twitter:label1\" content=\"Gesch\u00e4tzte Lesezeit\" \/>\n\t<meta name=\"twitter:data1\" content=\"1\u00a0Minute\" \/>\n<script type=\"application\/ld+json\" class=\"yoast-schema-graph\">{\"@context\":\"https:\/\/schema.org\",\"@graph\":[{\"@type\":\"Organization\",\"@id\":\"https:\/\/www.moesphones.de\/startseite\/#organization\",\"name\":\"MK-Mobile\",\"url\":\"https:\/\/www.moesphones.de\/startseite\/\",\"sameAs\":[],\"logo\":{\"@type\":\"ImageObject\",\"@id\":\"https:\/\/www.moesphones.de\/startseite\/#logo\",\"inLanguage\":\"de\",\"url\":\"https:\/\/www.moesphones.de\/wp-content\/uploads\/2021\/07\/mk-mobile-logo.svg\",\"contentUrl\":\"https:\/\/www.moesphones.de\/wp-content\/uploads\/2021\/07\/mk-mobile-logo.svg\",\"caption\":\"MK-Mobile\"},\"image\":{\"@id\":\"https:\/\/www.moesphones.de\/startseite\/#logo\"}},{\"@type\":\"WebSite\",\"@id\":\"https:\/\/www.moesphones.de\/startseite\/#website\",\"url\":\"https:\/\/www.moesphones.de\/startseite\/\",\"name\":\"MK Mobile GmbH\",\"description\":\"Die Allroundwerkstatt aus Puchheim\",\"publisher\":{\"@id\":\"https:\/\/www.moesphones.de\/startseite\/#organization\"},\"potentialAction\":[{\"@type\":\"SearchAction\",\"target\":{\"@type\":\"EntryPoint\",\"urlTemplate\":\"https:\/\/www.moesphones.de\/startseite\/?s={search_term_string}\"},\"query-input\":\"required name=search_term_string\"}],\"inLanguage\":\"de\"},{\"@type\":\"WebPage\",\"@id\":\"https:\/\/www.moesphones.de\/startseite\/chiptuning-und-optimierung\/#webpage\",\"url\":\"https:\/\/www.moesphones.de\/startseite\/chiptuning-und-optimierung\/\",\"name\":\"Chiptuning und Optimierung - MK Mobile GmbH\",\"isPartOf\":{\"@id\":\"https:\/\/www.moesphones.de\/startseite\/#website\"},\"datePublished\":\"2023-11-27T15:00:05+00:00\",\"dateModified\":\"2023-11-28T09:48:52+00:00\",\"description\":\"Reparatur Profis mit 24h Service, Business Betreuung & Online-Shop. Olching, Gilching, Eichenau, Germering, M\\u00fcnchen, Pasing, Puchheim, Gr\\u00f6benzell, Emmering.\",\"breadcrumb\":{\"@id\":\"https:\/\/www.moesphones.de\/startseite\/chiptuning-und-optimierung\/#breadcrumb\"},\"inLanguage\":\"de\",\"potentialAction\":[{\"@type\":\"ReadAction\",\"target\":[\"https:\/\/www.moesphones.de\/startseite\/chiptuning-und-optimierung\/\"]}]},{\"@type\":\"BreadcrumbList\",\"@id\":\"https:\/\/www.moesphones.de\/startseite\/chiptuning-und-optimierung\/#breadcrumb\",\"itemListElement\":[{\"@type\":\"ListItem\",\"position\":1,\"name\":\"Startseite\",\"item\":\"https:\/\/www.moesphones.de\/startseite\/\"},{\"@type\":\"ListItem\",\"position\":2,\"name\":\"Chiptuning und Optimierung\"}]}]}<\/script>\n<!-- \/ Yoast SEO Premium plugin. -->","yoast_head_json":{"title":"Chiptuning und Optimierung - MK Mobile GmbH","description":"Reparatur Profis mit 24h Service, Business Betreuung & Online-Shop. Olching, Gilching, Eichenau, Germering, M\u00fcnchen, Pasing, Puchheim, Gr\u00f6benzell, Emmering.","robots":{"index":"index","follow":"follow","max-snippet":"max-snippet:-1","max-image-preview":"max-image-preview:large","max-video-preview":"max-video-preview:-1"},"canonical":"https:\/\/www.moesphones.de\/startseite\/chiptuning-und-optimierung\/","og_locale":"de_DE","og_type":"article","og_title":"Chiptuning und Optimierung","og_description":"Reparatur Profis mit 24h Service, Business Betreuung & Online-Shop. Olching, Gilching, Eichenau, Germering, M\u00fcnchen, Pasing, Puchheim, Gr\u00f6benzell, Emmering.","og_url":"https:\/\/www.moesphones.de\/startseite\/chiptuning-und-optimierung\/","og_site_name":"MK Mobile GmbH","article_modified_time":"2023-11-28T09:48:52+00:00","og_image":[{"width":1280,"height":768,"url":"https:\/\/www.moesphones.de\/wp-content\/uploads\/2021\/07\/smartmockups_krp75qt4.jpg","path":"\/homepages\/44\/d4298199582\/htdocs\/moesphones\/wp-content\/uploads\/2021\/07\/smartmockups_krp75qt4.jpg","size":"full","id":955,"alt":"","pixels":983040,"type":"image\/jpeg"}],"twitter_card":"summary_large_image","twitter_misc":{"Gesch\u00e4tzte Lesezeit":"1\u00a0Minute"},"schema":{"@context":"https:\/\/schema.org","@graph":[{"@type":"Organization","@id":"https:\/\/www.moesphones.de\/startseite\/#organization","name":"MK-Mobile","url":"https:\/\/www.moesphones.de\/startseite\/","sameAs":[],"logo":{"@type":"ImageObject","@id":"https:\/\/www.moesphones.de\/startseite\/#logo","inLanguage":"de","url":"https:\/\/www.moesphones.de\/wp-content\/uploads\/2021\/07\/mk-mobile-logo.svg","contentUrl":"https:\/\/www.moesphones.de\/wp-content\/uploads\/2021\/07\/mk-mobile-logo.svg","caption":"MK-Mobile"},"image":{"@id":"https:\/\/www.moesphones.de\/startseite\/#logo"}},{"@type":"WebSite","@id":"https:\/\/www.moesphones.de\/startseite\/#website","url":"https:\/\/www.moesphones.de\/startseite\/","name":"MK Mobile GmbH","description":"Die Allroundwerkstatt aus Puchheim","publisher":{"@id":"https:\/\/www.moesphones.de\/startseite\/#organization"},"potentialAction":[{"@type":"SearchAction","target":{"@type":"EntryPoint","urlTemplate":"https:\/\/www.moesphones.de\/startseite\/?s={search_term_string}"},"query-input":"required name=search_term_string"}],"inLanguage":"de"},{"@type":"WebPage","@id":"https:\/\/www.moesphones.de\/startseite\/chiptuning-und-optimierung\/#webpage","url":"https:\/\/www.moesphones.de\/startseite\/chiptuning-und-optimierung\/","name":"Chiptuning und Optimierung - MK Mobile GmbH","isPartOf":{"@id":"https:\/\/www.moesphones.de\/startseite\/#website"},"datePublished":"2023-11-27T15:00:05+00:00","dateModified":"2023-11-28T09:48:52+00:00","description":"Reparatur Profis mit 24h Service, Business Betreuung & Online-Shop. Olching, Gilching, Eichenau, Germering, M\u00fcnchen, Pasing, Puchheim, Gr\u00f6benzell, Emmering.","breadcrumb":{"@id":"https:\/\/www.moesphones.de\/startseite\/chiptuning-und-optimierung\/#breadcrumb"},"inLanguage":"de","potentialAction":[{"@type":"ReadAction","target":["https:\/\/www.moesphones.de\/startseite\/chiptuning-und-optimierung\/"]}]},{"@type":"BreadcrumbList","@id":"https:\/\/www.moesphones.de\/startseite\/chiptuning-und-optimierung\/#breadcrumb","itemListElement":[{"@type":"ListItem","position":1,"name":"Startseite","item":"https:\/\/www.moesphones.de\/startseite\/"},{"@type":"ListItem","position":2,"name":"Chiptuning und Optimierung"}]}]}},"_links":{"self":[{"href":"https:\/\/www.moesphones.de\/startseite\/wp-json\/wp\/v2\/pages\/1361","targetHints":{"allow":["GET"]}}],"collection":[{"href":"https:\/\/www.moesphones.de\/startseite\/wp-json\/wp\/v2\/pages"}],"about":[{"href":"https:\/\/www.moesphones.de\/startseite\/wp-json\/wp\/v2\/types\/page"}],"author":[{"embeddable":true,"href":"https:\/\/www.moesphones.de\/startseite\/wp-json\/wp\/v2\/users\/2"}],"replies":[{"embeddable":true,"href":"https:\/\/www.moesphones.de\/startseite\/wp-json\/wp\/v2\/comments?post=1361"}],"version-history":[{"count":16,"href":"https:\/\/www.moesphones.de\/startseite\/wp-json\/wp\/v2\/pages\/1361\/revisions"}],"predecessor-version":[{"id":1446,"href":"https:\/\/www.moesphones.de\/startseite\/wp-json\/wp\/v2\/pages\/1361\/revisions\/1446"}],"wp:attachment":[{"href":"https:\/\/www.moesphones.de\/startseite\/wp-json\/wp\/v2\/media?parent=1361"}],"curies":[{"name":"wp","href":"https:\/\/api.w.org\/{rel}","templated":true}]}}